 c be f(10). Suppose c = 2*t - 4*n + 14, 4*t + 2*n = -64. What is the tens digit of (-654)/t - (23/(-7) - -3)?
4
Let f(o) = -o**3 + 2*o**2 + 9*o + 13. Let u be f(-12). Suppose u - 7339 = -14*p. Suppose -4*a - a + 4*q + p = 0, -9 = 3*q. What is the tens digit of a?
7
Let c = 365 - 6875. What is the hundreds digit of 12/(-30) + c/(-25)?
2
Let j(v) = 3*v**2 + 11*v - 13. Let a be j(8). Suppose 1327 - 46 = -7*f. Let k = f + a. What is the units digit of k?
4
Let k(q) = -10*q**2 - q - 2. Let d be k(3). Let w = 3604 - 3476. Let u = w + d. What is the units digit of u?
3
Let f be 2/(4 + 102/(-27)). Suppose 4*j - g = 68, 3*g = -4*j + f + 75. Suppose -23*q + j*q + 305 = 0. What is the tens digit of q?
6
Suppose c + 5*k + 528 = 0, 0 = -6*k + 8*k + 4. Let z = 558 + c. What is the tens digit of z?
4
Let u = 264 + 238. Suppose 5*s - 458 = u. What is the hundreds digit of s?
1
Suppose 66 = 38*m + 370. Let t = -43 - -69. Let w = t + m. What is the tens digit of w?
1
Suppose p = 2*q - 11, 7*p + 14 = -2*q + 3*p. Suppose 5*i + 4*x - 64 = 4592, 1861 = 2*i + q*x. What is the hundreds digit of i?
9
Let y = 13 + 1. Suppose y + 13 = p - 5*d, 0 = 2*d + 10. Suppose j + 510 = 4*w - 427, -236 = -w + p*j. What is the hundreds digit of w?
2
Let u be 200*(231/196 + 3/(-7)). Suppose -u = 16*r - 26*r. What is the tens digit of r?
1
Suppose -2*d = d - 5*w + 21, -4*w = 2*d + 14. Let r be 1 + d + (4 - 5). Let z(u) = u**2 - 2*u + 25. What is the units digit of z(r)?
8
Suppose -7*b = 2*b + 4*b - 162851. What is the thousands digit of b?
2
Let a be (1 - 1)/(-22 + 24). Suppose p - 5*w - 122 = a, -12 = 3*w - 7*w. What is the tens digit of p?
3
Let i(c) = 4*c**2 - 25*c + 92. Suppose -3*z = 0, 2*z - 105 = -5*b - 2*z. What is the thousands digit of i(b)?
1
Let s(i) = -14*i**3 - 3*i**2 + 2*i + 4. Suppose w - 1 = -3. Let t be s(w). Let q = t - 34. What is the tens digit of q?
6
Let m(f) = -8433*f**3 + 20*f**2 + 4*f + 5. What is the hundreds digit of m(-1)?
4
Let h = 78870 - 19515. What is the ten thousands digit of h?
5
Let z = -2002 + 3940. What is the hundreds digit of z?
9
Let x(p) = 4*p**2 - 33*p - 816. What is the thousands digit of x(-47)?
9
Suppose i - 3*z - 34 = 95, 0 = 2*i - z - 258. Let c = i + 413. What is the units digit of c?
2
Let u(l) = 28*l - 107. Let s be u(27). Let m = s - 224. What is the units digit of m?
5
Suppose -58*t + 770684 + 13062 = -375384. What is the ten thousands digit of t?
1
Let v(a) = 2*a**2 - 54*a - 320. What is the tens digit of v(-41)?
5
Suppose 3*a = -4*j + 4, -a + 2*j - 4*j - 2 = 0. Suppose a = -20*s + 24*s. Suppose 0 = s*p + 4*w - 390, -7*p = -3*p + w - 745. What is the units digit of p?
5
Let o be (706 + -5)/(13/(-2652)). What is the units digit of 4/(-10) - (-16 - o/(-85))?
8
Let k = 97 - 63. Let p = k + -26. Suppose p*n + 0*n - 376 = 0. What is the units digit of n?
7
Let o(a) = 3*a**2 + 26*a + 96. Let q be o(-12). Let p = -126 + q. What is the units digit of p?
0
Let x be 5/(2*15/18). Let r(w) = w**2 - 2*w + 1. Let i be r(x). Suppose o = -i*l + 285, -5*o - 13*l = -15*l - 1337. What is the tens digit of o?
6
Let u(x) = -85*x**3 + 18*x**2 + 20*x - 4. What is the units digit of u(-6)?
4
Let y = -4508 + 25463. What is the units digit of y?
5
Suppose -11858 = -4*z + 5*w, -154*w + 157*w - 5940 = -2*z. What is the hundreds digit of z?
9
Let f(j) = -117*j + 898. What is the tens digit of f(-25)?
2
Let r(p) = 599*p**2 + 168*p + 337. What is the tens digit of r(-2)?
9
Let w = -3122 - -6870. What is the thousands digit of w?
3
Let q(f) = -4*f**2 - 6*f + 5. Let p be q(4). Let k(x) = -x**2 + 28*x + 16. Let g be k(9). Let c = g + p. What is the units digit of c?
4
What is the tens digit of 6*(-2)/(-6) - (-5750 - 2)?
5
Suppose 3*k - 2*h - 3834 = 0, -5*k - h + 2858 = -3532. Let q = -866 + k. What is the hundreds digit of q?
4
Let x(i) = -60*i**3 - 129*i**2 + 14*i + 20. What is the hundreds digit of x(-8)?
3
Let w(v) be the second derivative of -v**5/20 + 11*v**4/12 - v**3/3 - 4*v**2 - 3*v. Let g(b) = 6*b - 100. Let p be g(18). What is the hundreds digit of w(p)?
1
Let a(q) be the first derivative of q**4/4 - 8*q**3/3 - 9*q**2/2 + 5*q + 34. Let z be a(9). Suppose 0 = -7*g + z + 79. What is the units digit of g?
2
Suppose 21*y - 59 = 20*y. Let p = y + -57. What is the hundreds digit of -2*163/(-4)*p?
1
Let c = 71 + -125. Let d = c - -57. Suppose 2*u + d*w - 237 = 0, -3*u + 313 = -0*u - 4*w. What is the hundreds digit of u?
1
Let y = 373 + 5. Suppose -4*q = h + 63 - y, 4*h = 12. Suppose 5*k - 4*s = 137, 0 = -5*k + 5*s + q + 57. What is the tens digit of k?
2
Let v be (12/15 - 4368/(-40)) + -4. Suppose 0 = b - 66 - v. What is the units digit of b - (-12)/(-4) - (2 + 1)?
6
Let m = 66 + -56. Let h be (m + -12)*((-7)/2 - -1). Suppose h*w = 144 + 11. What is the tens digit of w?
3
Suppose 4*l = -t + 1493, 0*t - 4*t - 1096 = -3*l. Suppose -3*w = -l + 36. Let n = -23 + w. What is the units digit of n?
9
Let s(o) = o**3 + 10*o**2 + 14*o - 23. Suppose 27 - 34 = b. Let a be s(b). Let k = a - -32. What is the tens digit of k?
5
What is the tens digit of (22637 - (41 + -15)) + 24?
3
Let l be (218/5)/((-13)/(-65)). Let v = 174 + l. What is the units digit of v?
2
Let p(m) = -4*m**2 + 2. Let w be p(2). Let z(c) = c**2 + 12*c + 4. What is the units digit of z(w)?
2
Suppose 0 = t - 4*a + 2878 - 8848, t - 5973 = 5*a. What is the thousands digit of t?
5
Let w be (10/4)/((-1)/(-10)). Suppose -2 = -6*j + 46. Let i = j + w. What is the units digit of i?
3
Let j(d) = -d**3 + 17*d**2 - 9*d + 18. Let v be (-6 - 45/(-3))*1. What is the tens digit of j(v)?
8
Suppose -k - 2*s = -6384 - 2493, -44399 = -5*k - 3*s. What is the hundreds digit of k?
8
Suppose -34*p - 11*p + 174099 + 245211 = 0. What is the tens digit of p?
1
What is the ten thousands digit of 8 + 13291 - ((-3 - -2) + (-1 - -3))?
1
Let k = 10 - 7. Suppose -3*c = -4*i + 81, 18 = -5*i + 6*i - k*c. What is the units digit of i?
1
Let s(f) = 4*f + 26. Let c(q) = -q**3 - 2*q**2 + 3*q - 3. Let p be c(-3). Let l be (-27)/(p/1) - -2. What is the tens digit of s(l)?
7
Let a = 64 - 61. Suppose -a*i + 27 = 6*i. Suppose -2*r + 120 = -2*j - 0*j, -172 = -i*r - 5*j. What is the units digit of r?
9
Suppose b = -3*b + 16, -4*t + 4*b = -28. Suppose 7*q - t*q - 28 = 0. What is the units digit of 1/(-3)*(q - 434)?
7
Let f = -524 + 624. Suppose 4*z - 3786 - f = -3*c, -c = z - 1295. What is the units digit of c?
4
Suppose 0 = 5*w + 8 + 7. Let s(l) = -5*l - 13. Let m be s(w). Suppose -m*g = -p - 412 + 162, -2*p + 516 = 4*g. What is the tens digit of g?
2
What is the thousands digit of 338268/22 - (-172)/946?
5
Let m(a) be the second derivative of a**3/6 - 9*a**2/2 + 3*a. Let s be m(14). Suppose -3*l = s*o - 8*l - 230, 5*o = 4*l + 235. What is the units digit of o?
1
Let w(p) = 64*p**2 - 1. Let l be w(-1). Suppose -104*h + 11 = -2*t - 101*h, -3*t - 5*h + 12 = 0. Let r = l + t. What is the tens digit of r?
6
Suppose 0*b - 2 = -b. Suppose -b*d - 6 = 0, 10*c + d - 164 = 9*c. What is the hundreds digit of c?
1
Let s(m) = -m + 7. Let q be s(4). Suppose u - 3*h = 9 + 26, -q*u + h + 113 = 0. Suppose 0 = 35*d - u*d + 270. What is the tens digit of d?
9
Suppose -4*q = -3*q - c + 2, 15 = -4*q - 3*c. What is the thousands digit of (-21760)/(-16) - (q/(-1) - 3)?
1
Suppose -l - 2*t = -15935, -24*l - 79605 = -29*l + 4*t. What is the tens digit of l?
2
Suppose l + 7 = -3*h + 1129, -1501 = -4*h - 3*l. Let c = 1376 - h. What is the hundreds digit of c?
0
Let d(r) = 18*r - 10. Let j be ((-16)/7)/(64/(-28) - -2). What is the units digit of d(j)?
4
Let q = -2120 + 4062. Suppose 5*f = -4*t + q, -4*f + 1566 = -0*t - 3*t. Suppose -5*r + 50 + f = 0. What is the units digit of r?
8
Let k = -11013 + 15484. What is the units digit of k?
1
Let i(o) = 1031*o + 31. Let g be i(5). Suppose -4*t + 1332 = -3*s - g, -t + 2*s = -1627. What is the tens digit of t?
3
Let j = 3 + -9. Let a(v) = -247*v + 200. What is the units digit of a(j)?
2
Let w(k) = -2*k**3 - 14*k**2 + 10*k - 33. Let m be w(-8). Suppose m*v + 7*v = 8954. What is the hundreds digit of v?
4
Let n(q) = -31*q - 19*q - 19*q**2 + 2*q**2 + 74 + 16*q**2. What is the tens digit of n(-34)?
1
Let d = -128 + 269. Let b = d + 83. Suppose b = 26*z - 24*z. What is the tens digit of z?
1
Let c(h) = 3061*h**2 + 15*h + 15. What is th